*l - 475 = 353. What is the units digit of l?
8
Let y(b) = 111*b - 3254. What is the units digit of y(41)?
7
Let s(v) = v**2 + 22*v - 25. Let c be s(-23). Let g be (-2)/8 + c/8*11. What is the tens digit of -2 + (-410)/g + (-6)/(-18)?
3
Let q(c) be the first derivative of 43*c**2 - 11*c - 110. What is the tens digit of q(7)?
9
Let j be -9 + -2 - (15 + -20). What is the hundreds digit of (657/j)/(4/(-8))?
2
Let j be 2/(-10) + 88/40. Suppose -j + 7 = f. What is the units digit of ((-485)/20 - f)*-4?
7
Suppose 0 = 2*y + 12 - 10, 5*m - 4*y + 11 = 0. Let h(n) = -17*n**3 - n**2 - 6*n - 8. What is the hundreds digit of h(m)?
4
Let m(c) be the first derivative of 71*c**3/3 - 3*c**2/2 - 2*c - 742. Suppose 1 = z + 2. What is the units digit of m(z)?
2
Let n(h) = -9*h - 12. Let c(g) = 2*g + 6. Let s(w) = -2*c(w) - 2*n(w). Suppose 0 = -t + 3*t - 12. What is the tens digit of s(t)?
9
Let d be 118382/18 - 90/(-405). Suppose -4*m + 6943 = 3*s, -5*m - 3*s + 2104 = -d. What is the hundreds digit of m?
7
Let g = 19154 + 18343. What is the hundreds digit of g?
4
Let q = -3905 + 15202. What is the hundreds digit of q?
2
Suppose 339*n - 322*n - 68 = 0. Suppose 2*j + 2*c - 3456 = 0, j - n*c - 417 = 1296. What is the units digit of j?
5
Let j = -77 - -123. Suppose -57*f + 1375 = -j*f. What is the units digit of f?
5
Let c be (20/(-30))/((-2)/45). Suppose 5*i - 40 = -c. Suppose 215 = i*t - 125. What is the tens digit of t?
6
Let c(g) = 79*g**2 - 19*g - 2. Let k be c(17). Suppose 0 = 28*p - 59*p + k. What is the tens digit of p?
2
Suppose 38*y = 23*y + 122625. What is the units digit of y?
5
Let b(j) be the third derivative of 13*j**5/60 + 5*j**4/8 + 25*j**3/3 + 29*j**2. Let m(w) be the first derivative of b(w). What is the tens digit of m(4)?
1
Let k(r) be the second derivative of -r**4/12 - r**3/3 + 9*r**2 + 18*r. Let w be k(-7). What is the tens digit of w/(-51) + 0 + 86/3?
2
Let j(i) = -15*i**2 - 58*i - 258. Let r(s) = 7*s**2 + 29*s + 129. Let w(x) = -6*j(x) - 13*r(x). What is the units digit of w(-23)?
9
Let m = 8576 + 12769. What is the tens digit of m?
4
Suppose f = z - 16876 + 360, -4*z = 4*f - 66048. What is the thousands digit of z?
6
Let t(q) = 6*q - 14. Let p be t(4). Suppose s - 3 = c, -2*c - p - 1 = -3*s. Suppose 3*g = 2*z - 240, c*z = z - 2*g + 134. What is the units digit of z?
6
Let j(i) = i - 41. Let x be j(27). What is the tens digit of ((-44)/6 + -2)*(x - 1)?
4
Let s(a) = -8*a**2 - 13*a - 22. Let q(l) = 9*l**2 + 13*l + 22. Let z(r) = -5*q(r) - 6*s(r). Let m be (-50)/(-15)*3*(-3)/3. What is the hundreds digit of z(m)?
1
Suppose 79*q - 1549451 = -70*q. What is the units digit of q?
9
Let d(o) = 6*o**3 + o - 1. Suppose 92*k = 91*k + 33. Let b be 3/(-4) - k/(-36)*3. What is the units digit of d(b)?
9
Let x be (-4 - (-6 + 1))*17*1. Let m(n) = -n**2 + 40*n + 73. What is the hundreds digit of m(x)?
4
What is the units digit of (-125937)/6*(-68)/34?
9
Let a be (-5 - -3) + 52/2. Let j be 3*8/18*(-21 + a). Suppose 3*b - 16 = -j, 4*b = 3*v - 299. What is the units digit of v?
5
Suppose -3*c + 11 = -1, 5*l + 4*c - 496 = 0. Suppose 9*r + 395 = 2006. Let q = r - l. What is the tens digit of q?
8
Let r(n) = -n**3 - 10*n**2 - 9*n + 21. Let l be r(-14). Let i = l - 611. What is the units digit of i?
0
What is the thousands digit of 36737/6 - (60/72)/(-5)?
6
Suppose -5*d = 5*g - 380, 13 = d + 2*g - 63. Suppose -632 = -3*o + d. What is the tens digit of o?
3
Suppose 19*q = 4*k + 20*q - 109920, -4*k + 109952 = 5*q. What is the ten thousands digit of k?
2
Suppose 0 = 22*t - 0*t + 10*t - 317312. What is the tens digit of t?
1
Let q be -161*(0 - 4)/4*-2. Let y = -172 - q. What is the hundreds digit of y?
1
Let d be (0 - -1)/(11/55). Let x(s) = -6*s**2 + d*s**2 + 11*s**2 - s**3 - 14 + 18*s. What is the tens digit of x(11)?
6
Suppose 2*s - 5*v - 115 = 0, 3*v - 60 = -5*s + 212. What is the units digit of s?
5
Let z(m) = -777*m + 4. Let l(a) = -518*a + 3. Let q(u) = 8*l(u) - 5*z(u). Let b(g) = -65*g + 1. Let d(o) = -9*b(o) + 2*q(o). What is the units digit of d(1)?
6
Let k = 108285 - 56726. What is the hundreds digit of k?
5
Suppose 42 = 8*y - 2*y. Suppose -y*k = -15 - 20. Suppose -k*d = -468 - 7. What is the units digit of d?
5
Let d = 7 + -7. Let r(s) = -s**3 + 2*s**2 - s + 291. Let k be r(d). Suppose 10*b - k = 7*b. What is the tens digit of b?
9
Suppose 0 = 3*r - 59*h + 64*h - 11472, 0 = -h. What is the hundreds digit of r?
8
Let h be 9/(-6) - (-1)/(-2). What is the units digit of h/(-1)*2/4 - -174?
5
Let b(k) = -13*k**3 + 6*k**2 - 22*k + 385. What is the thousands digit of b(-12)?
3
Suppose -5680 = -3*y + h, 4*y = 2*h + 7081 + 493. What is the tens digit of y?
9
What is the tens digit of 1416 + ((-6)/10)/((-56)/560)?
2
Let o(j) = 2*j**3 - 2*j**2 - 3*j - 7. Let u(y) = 5*y**3 - 8*y**2 - 9*y - 21. Let g(d) = -11*o(d) + 4*u(d). What is the units digit of g(-7)?
0
What is the units digit of 2 + 4654 + -3 - (-9 + 5 + 3)?
4
Let o = -6 + 5. What is the tens digit of 2 - ((o - 380) + 68/(-17))?
8
Let s = -394 + 461. Suppose 0 = s*i - 78*i + 6732. What is the tens digit of i?
1
Let a(g) = 314*g + 13. Let q be (112/(-196))/(2/(-7)). What is the hundreds digit of a(q)?
6
Let q = 7938 - 2526. Suppose 28*t - q = -13*t. What is the units digit of t?
2
Let v be (-1 - -2*20)*-1 + -2. Let k = v + 20. What is the tens digit of k/49 + 1308/14 + 1?
9
Suppose -2*o + 5*i - 1020 = -3066, -5*i = -5*o + 5085. Suppose -7*v - 229 + o = 0. What is the units digit of v?
2
Suppose 38 = 4*k - 2*y, 3*k - 3*y = 2*y + 39. Suppose 3*t - k = -t. Suppose j + 4 = -0*j, t*j - 287 = -5*s. What is the units digit of s?
9
Suppose 9614 = 2*o - 2*y, 2*o - 6*o = y - 19233. What is the units digit of o?
8
Let j(p) = p + 7*p + 0*p**3 + 22 + 19 - p**3 + 22*p**2. What is the hundreds digit of j(18)?
4
Let k = 5 - -3. Let o = 1823 + -207. Suppose 568 = -k*p + o. What is the tens digit of p?
3
Suppose 4*c + 0*c + 3*y + 440 = 0, 0 = -y - 4. Let g = -15135 + 15250. Let b = c + g. What is the units digit of b?
8
Let q(z) = -z**3 - 6*z**2 + 5*z - 6. Let m be q(-7). Let g be m/10 - 1 - 1394/(-170). What is the units digit of (-805)/(-4) + (-2)/g?
1
Let f(n) be the third derivative of n**5/60 - 7*n**4/8 + 43*n**3/6 - 4*n**2. Suppose 22*c - 42 = 20*c. What is the units digit of f(c)?
3
Let c = 994 + -1526. Let g = -272 - c. What is the hundreds digit of g?
2
Let x be (6/(-1) + 4 - -280) + 2. Suppose 0 = -12*a + x + 284. What is the tens digit of a?
4
Let l = 139239 + -71797. What is the units digit of l?
2
Let o = -11236 - -25990. What is the thousands digit of o?
4
Let v(c) = 106*c**3 - 3*c**2 - 8*c + 17. Let b(h) = -h**2 - 24*h - 42. Let o be b(-22). What is the units digit of v(o)?
7
Let s = -190 + -248. What is the units digit of s/10*260/(-78)?
6
Suppose 3*x + x - c - 747 = 0, -4*c + 360 = 2*x. Let h = x - 74. Suppose -h = -9*a + 671. What is the units digit of a?
7
Let h(y) = -21*y + 30. Let v be h(5). Let d = 87 + v. Suppose 0 = d*c - 9*c - 201. What is the tens digit of c?
6
Suppose 64*o - 1372099 = 69*o - 244*o. What is the units digit of o?
1
Suppose 14*g + 90 = 19*g. Suppose 16*t = g*t - 464. What is the tens digit of t/3 - (-4)/(-12)?
7
Suppose -2*d - 2 = 4. Let i be 1 - 3 - (-1 + d + 0). Suppose 0 = -0*b - b - 5, i*l - 3*b = 77. What is the tens digit of l?
3
Suppose -4*d + 2*o + 123158 = 0, 92376 = -31*d + 34*d - 3*o. What is the ten thousands digit of d?
3
Suppose -108757 = 16*k - 305970 - 393251. What is the tens digit of k?
0
Let p = -403 + 419. Suppose -27*v + p*v = -15994. What is the hundreds digit of v?
4
Let a be (-2)/10 - ((-71)/5 + -2). Let j be (a/(-6))/((-2)/69). Suppose -2*t - 38 = -j. What is the units digit of t?
7
Let p(y) = -5*y**2 + 31*y + 13. Let t(s) = -4*s**2 + 29*s + 14. Let m(g) = -6*p(g) + 7*t(g). What is the hundreds digit of m(-15)?
2
Let g = -748 - -1074. Let o = g + -128. What is the tens digit of o?
9
Let h(r) = -13*r - 13. Let u(j) = 8*j + 7. Let i(m) = 25*m + 21. Let s(d) = -2*i(d) + 7*u(d). Let l(o) = -3*h(o) - 5*s(o). What is the units digit of l(3)?
1
Suppose -598 = -10*p - 2688. Let t = p + 222. What is the units digit of t?
3
Suppose 4*n - 158*n = -110418. What is the hundreds digit of n?
7
Let z(l) = 214*l**3 + 4*l**2 - 34*l + 24. What is the units digit of z(5)?
4
Suppose